- 2*z + 237. What are the prime factors of s?
5, 47
Let k(f) = 19*f**3 - 3*f**2 + 4*f - 9. Let g be k(-3). Let j = 1157 + g. List the prime factors of j.
2, 149
Suppose -543*x + 516*x - 3618 = 0. Suppose -f + 195 = -0*f. Let s = x + f. What are the prime factors of s?
61
Let d(m) = 15*m - 18. Suppose -4*i - 3*n = -6*n - 40, 0 = 3*n. Let j be d(i). Suppose -372 = -4*l + j. List the prime factors of l.
2, 3, 7
Suppose -29392 = -4*j - 7*j. List the prime factors of j.
2, 167
Let u be 18/(-6)*(2 - 3). Suppose u*m - 6*m + 5*t = -1150, 0 = m - 2*t - 384. List the prime factors of m.
2, 5, 19
Let l(n) = -n**3 - 2*n**2 + n + 86. Let m(b) be the second derivative of 2*b**3/3 + 12*b**2 - 12*b. Let u be m(-6). List the prime factors of l(u).
2, 43
Let a be (-9)/(-45) + 837/15. What are the prime factors of (-6872)/(-40) + (a/(-20) - -3)?
2, 43
Let j(f) be the second derivative of 59*f**3/3 + 37*f**2 - 205*f. What are the prime factors of j(5)?
2, 83
Suppose 13*s = -2*u + 16*s + 5068, -2*s = -3*u + 7592. What are the prime factors of u?
2, 79
What are the prime factors of 152815/19 - (11 - (-422)/(-38))?
3, 7, 383
List the prime factors of -12*(-7)/21 - -26691.
5, 19, 281
Let p = 1163 + -3. Suppose 12*t - 7*t = -3*o + 1737, 2*o = -4*t + p. List the prime factors of o.
2, 7, 41
Let q(k) = 504*k**2 - 23*k + 466. What are the prime factors of q(12)?
2, 36383
Let x(q) be the first derivative of 29*q**3 + 5*q**2/2 + q + 140. List the prime factors of x(3).
17, 47
Suppose -2*r + 17 = -3*j, -5*r - 2*j - 20 = 3*j. Let b(a) = -4*a**3 + a**2 + a - 1. Let z be b(r). What are the prime factors of (-459)/(-45) + z/15?
2, 5
Suppose -410 = 75*l - 80*l. Suppose -u - 4*u = 5*j - 170, l = 2*j - 5*u. List the prime factors of j.
2, 3
Let x(h) = 3417*h - 960. What are the prime factors of x(1)?
3, 7, 13
Let w(i) = 6*i + 50. Let x(l) = 17*l + 150. Let h(g) = -8*w(g) + 3*x(g). Let v be (-3)/(-15) - (-2)/(-10). List the prime factors of h(v).
2, 5
Suppose -5*z + 31075 = -4*j + j, -6215 = -z + 3*j. List the prime factors of z.
5, 11, 113
Let u = 1009 + 708. Let k = -1107 + u. List the prime factors of k.
2, 5, 61
Let m = -662 - -645. List the prime factors of 7004/8 - m/34.
2, 3, 73
Let g(p) = -469*p**3 + p**2 - 5*p - 6. What are the prime factors of g(-1)?
7, 67
Let a be 348/(-4)*(3 + -1)/2. Let u = 51 + a. Let c = 33 - u. What are the prime factors of c?
3, 23
Let i = 1245 - -107. Let x = i - 309. List the prime factors of x.
7, 149
Let o(b) = -b**3 + 4*b**2 + 2*b - 2. Suppose 12 = 2*y + y. Let j be o(y). Let k(l) = l**2 + 2*l + 8. List the prime factors of k(j).
2, 7
Suppose 45305 = b - 2*g + 4777, 2*g = -12. What are the prime factors of b?
2, 7, 1447
Let q(a) = a**3 - 2*a**2 - 4*a + 5. Let p be q(2). List the prime factors of ((-18)/(-54))/(p/(-5301)).
19, 31
Let c(n) = 8*n**2 - 40*n + 91. What are the prime factors of c(22)?
3083
What are the prime factors of ((2 - 9) + 11)*(1584 - (-3 - -1))?
2, 13, 61
Let v be (13 + -19)*(-340)/6. Suppose 6 + 14 = 5*m, 2*q - v = 2*m. List the prime factors of q.
2, 3, 29
Let z(y) = -2*y**2 + 43*y - 4. Let r be z(18). Let a = 27 + r. What are the prime factors of a?
149
Suppose -5139 - 33312 = -21*d. What are the prime factors of d?
1831
Let r(b) be the second derivative of b**4/6 - b**3 - 9*b**2/2 + 16*b - 1. Let j = -7 - -1. List the prime factors of r(j).
3, 11
Let a(y) = -672*y**3 + 2*y**2 - y. Let t be a(1). Let m = -369 - t. List the prime factors of m.
2, 151
Let m(f) = 260*f - 4. Suppose 13 = 7*x - 1. What are the prime factors of m(x)?
2, 3, 43
Let u = -106 + 109. Suppose 5*z + f = 16, 5*z = -u*f + 13 - 5. What are the prime factors of (z/(-5))/((-22)/2255)?
2, 41
Let x = 27 - 24. Suppose 0 = x*s - 8 + 5. Let j(b) = 102*b - 1. What are the prime factors of j(s)?
101
Let p = 51002 + -20584. What are the prime factors of p?
2, 67, 227
Let s(p) = -p**3 - 8*p**2 + 2*p + 13. Let t be s(-8). Let g be (7 - 208)/(t/2). Let w = g - 82. What are the prime factors of w?
2, 13
Let f be (1/(-2))/((-1)/(-24)*-2). Suppose -f*d - 6 = -5*d. What are the prime factors of (3 + 58/d)*(-1 + -2)?
2, 5
Let r = -219 + 224. Let y(n) = 377*n + 4. What are the prime factors of y(r)?
1889
Let y = -42 + 42. Let j be ((-4)/(-2) - 2)*(y - -1). Let v = 147 + j. List the prime factors of v.
3, 7
Suppose -2*t + 0*t = -10. Let u(p) = 98*p**2 - 2*p - 1. Let k be u(-1). Suppose -2*d + t*d - k = 0. What are the prime factors of d?
3, 11
Let u be (-16)/12 + 28/21. Suppose 83*g - 79*g - 1368 = u. What are the prime factors of g?
2, 3, 19
Let u = 2103 - -3283. List the prime factors of u.
2, 2693
Suppose -36*w - 10*w = -13*w. List the prime factors of (10 + w/4)/((-7)/(-665)).
2, 5, 19
Let i(y) be the third derivative of 5*y**4/24 - 23*y**3/6 + y**2 - 27*y. What are the prime factors of i(5)?
2
Let f = -235 - -233. What are the prime factors of (-1583)/f + -3*(-5)/10?
13, 61
Let b(l) = -5 - 41*l**2 - 11*l - 11*l**3 + 14*l**2 + 20*l**3 - 13 - 8*l**3. What are the prime factors of b(28)?
2, 229
Let t = 637 + -637. Suppose t = 3*c - 2*z - 1567, 0 = -2*c - 2*z + 979 + 59. What are the prime factors of c?
521
Let g(y) = 33*y + 4328. List the prime factors of g(-19).
3701
Suppose 2*h + 96 = 6118. Suppose 8*v - h = -5*t + 5*v, -5*t - 4*v + 3013 = 0. List the prime factors of t.
601
Let v(j) be the first derivative of 6 + 17/2*j**2 - 1/4*j**4 + 4*j**3 + 7*j. What are the prime factors of v(13)?
59
Let u(g) = 10*g**2 - 62*g - 4508. List the prime factors of u(-43).
2, 2081
Let z(l) = -5*l + 4*l**3 - 9*l + 16*l - l**2 - 1. Let q be z(3). Suppose -q - 68 = -4*v. List the prime factors of v.
43
Let b = -448 - -964. Let l = -152 + b. What are the prime factors of l?
2, 7, 13
Let j be (6/4)/((-15)/(-20)). Suppose -k = -j*b - 60 + 2, -b + 214 = 4*k. Suppose 2*w = -0*w + k. List the prime factors of w.
3
Suppose -35*p = -87*p + 219752. What are the prime factors of p?
2, 2113
Let s(d) = -d**3 - 5*d**2 - 6*d. Let q be s(-2). Suppose q = -11*x - 172 + 4011. What are the prime factors of x?
349
Suppose -4*a = 3*u - 23351, -1308*u + 1306*u = -5*a - 15621. List the prime factors of u.
7793
Let j(z) = 382*z**3 - z**2 + 29*z - 163. List the prime factors of j(4).
5, 4877
Suppose 14*r + 10461 = -1019. Let d = r + 2102. What are the prime factors of d?
2, 641
Let i(l) = 8*l**2 + 10*l + 4. Let m be i(-9). Suppose 35*o - 37*o + m = 0. Suppose 0 = 3*c + 20 - o. List the prime factors of c.
3, 29
Let m(l) be the first derivative of 8*l**3 - 2*l**2 + 8*l - 6. Let i be m(2). Suppose 0 = a + 2*f - 19, 0*f = 4*a - 2*f - i. What are the prime factors of a?
23
Suppose 835*p - 850*p + 42270 = 0. List the prime factors of p.
2, 1409
Suppose l + 10802 - 49527 = -4*o, -3*o = 4*l - 155004. What are the prime factors of l?
3, 12919
Let f = -3564 - -9364. List the prime factors of f.
2, 5, 29
Suppose -3*l - 426 = -0*l. Let r(o) = 4*o**2 + 22*o + 209. Let m be r(-7). Let v = l + m. List the prime factors of v.
109
Suppose -x = 3*l - 3748, 3*x - 3*l - 4717 = 6575. List the prime factors of x.
2, 5, 47
Let h(q) = -q**2 + 19*q - 5. Let t be h(18). Suppose t*o = 3*o + 2370. What are the prime factors of o?
3, 79
Suppose 15*i - 3138 = -453. Let y = 1024 + i. List the prime factors of y.
3, 401
Let l(w) = w**2 + 3*w - 2. Let h be l(-2). Let g be (8 - (-26)/h)*(-8)/6. Let s(n) = -37*n + 4. List the prime factors of s(g).
2, 3, 13
Let h = 9347 + 11619. What are the prime factors of h?
2, 11, 953
What are the prime factors of 15 - (-6 - (12 + 45628))?
7, 11, 593
Let x = -434 + 388. What are the prime factors of x/(7/((-1197)/18))?
19, 23
Suppose -1 = n, -8*q + 3*n + 243 = -3*q. Suppose j + 5*f = 5*j - 243, -3*f + q = j. List the prime factors of j.
3, 19
Let d be 10/(-5)*-1*(-3)/(-6). Let a be 2/(-4) - (d + (-3)/(-2)). List the prime factors of 4/a*-1*(97 + 5).
2, 17
Let o(b) = b**2 + 9*b + 10. Let z be o(-8). Let k be 3/2 + 1/z. Suppose 956 = 4*i - 3*y, -k*i + 79 = -4*y - 389. What are the prime factors of i?
2, 11
List the prime factors of ((-6)/72*-10 + 61/(-3))*-130.
3, 5, 13
Suppose -l + 3 = 0, 0*c - 548 = -c + l. Suppose -3*m - 4*b = -c, -m + 63 + 126 = 4*b. Let p = m + -57. List the prime factors of p.
2, 31
Suppose 12*p + 0*p - 171396 = 0. Suppose 0 = 70*q - 79*q + p. What are the prime factors of q?
3, 23
S